or of y and 12?
12
Suppose 6*k - 7*k + 310 = 0. Suppose -5*w - 4*h = -367, -4*w = -3*h + 4 - k. What is the highest common factor of 50 and w?
25
Let y be (52/4)/(-4*1/(-12)). Calculate the greatest common factor of 273 and y.
39
Let t be 3/(-2)*6/(-9). Let x be (-13 + -67)*(0 - 1). Suppose -k + x = 5*v + 4*k, -4*v + 54 = 2*k. What is the greatest common factor of t and v?
1
Let z = -48 + 61. Calculate the highest common divisor of 143 and z.
13
Let i be 3/6 + 5/(-2). Let s be (-10)/(i*(-4)/(-12)). Suppose z - 2*z = -3*o - 36, 4*o - 192 = -4*z. What is the greatest common factor of s and z?
15
Let t be 2*((0 - 2) + 3). Suppose 0*m = -2*m - 3*r + 8, 5*r = -t*m. Calculate the greatest common factor of 5 and m.
5
Let k be (-2)/(-5)*32*30/4. Calculate the greatest common factor of k and 24.
24
Suppose 20*d - 11*d - 945 = 0. Calculate the highest common factor of 21 and d.
21
Let n be 573/10 + (-54)/1440*8. Calculate the greatest common factor of 6 and n.
3
Let s(h) = -3*h**3 - 8*h**2 - 7*h + 17. Let f be s(-7). What is the highest common factor of 37 and f?
37
Suppose s - 139 = -5*c, -3*s = -c + s + 32. Let t be (-2)/6*(-285)/19. Suppose 0 = -t*l + 392 + c. What is the highest common factor of l and 12?
12
Let x(n) = -n**3 - 6*n**2 - 2*n + 2. Let i be x(-6). Calculate the highest common factor of i and 8.
2
Suppose h + 15 = -197. Let a be h/(-5) + (-60)/25 + 2. What is the highest common divisor of a and 210?
42
Let x(t) be the third derivative of 19*t**4/24 + 17*t**2. Let s be x(2). What is the greatest common factor of 95 and s?
19
Suppose 3*m + 3*q = -6, 2*q + 9 = 1. Let j = -15 + 17. Suppose 5*h = 4*a + 50, a = -j*a. Calculate the highest common factor of m and h.
2
Suppose 2*i + 70 = 5*a, -10 = -2*i - 0. Let n = 18 - a. Suppose 0 = n*t + p - 41, 2*p - 6*p - 36 = -2*t. Calculate the highest common divisor of t and 50.
10
Suppose 3*t - 599 = -3*j - 2*j, -2*t + j + 395 = 0. Let s be (-4)/(-8) + (-6)/(-4). Let a = s + t. Calculate the greatest common factor of a and 25.
25
Let i = -1021 + 1102. Calculate the greatest common divisor of 27 and i.
27
Let s = -49 - -97. Calculate the highest common factor of 744 and s.
24
Let x(h) = -3*h + 99. Let z be x(13). Suppose -2*b + 40 = -b. Calculate the highest common divisor of z and b.
20
Let p = 13 - 9. Let t(j) be the first derivative of 33*j**2/2 - 6*j + 16. Let o be t(p). Calculate the greatest common factor of o and 14.
14
Let n(o) = -2*o**2 - 23*o - 21. Let j be n(-9). Suppose -3*b - 6 = -j. Calculate the greatest common factor of b and 30.
6
Let b be 2/((-16)/(-824)) + 2. Calculate the highest common factor of b and 70.
35
Let a be (-60)/14*(-126)/27. Calculate the greatest common divisor of a and 12.
4
Suppose 2*k = -s + 59, 2*s - 2*k - 40 - 96 = 0. Let j = -16 - -29. Calculate the highest common factor of j and s.
13
Let o be 0 + -2 - -1 - 55. Suppose -279 = -15*f + 1536. Let x = f + o. What is the highest common factor of x and 13?
13
Suppose -3*t = -3*d + 1944, -d - 9*t + 7*t + 654 = 0. Calculate the highest common divisor of d and 225.
25
Let p(g) = -2*g**3 + 32*g**2 - 56*g + 18. Let v be p(14). What is the highest common factor of v and 48?
6
Let s be (0 - 7)/(4/(-36)). Let i = 80 + -55. Let j be (-96)/(-10) - 15/i. Calculate the greatest common factor of s and j.
9
Suppose -4*x - 4 = r, -2*r - 5 + 13 = 4*x. What is the greatest common factor of r and 342?
6
Let h = 1188 - 1186. What is the greatest common divisor of h and 302?
2
Let g(x) = x**2 - 3*x + 5. Let z be g(6). Let m = z + -21. Suppose -2*w + 5*f - m = -35, -5*f = -15. What is the highest common divisor of 6 and w?
6
Let u be (-28)/(-35) + 132/10. Suppose 294 = -2*g + 5*g. What is the highest common factor of g and u?
14
Let i = 4 + 1. Suppose -o = 4*y - 2*y - 130, -3*o + 325 = i*y. What is the highest common divisor of 26 and y?
13
Suppose 0 = 24*q - 11*q - 572. What is the greatest common divisor of q and 16?
4
Suppose 66*a - 72 = 62*a. Suppose -2*r + 200 = -x - x, 5*x = 4*r - 395. Suppose 13*f = a*f - r. Calculate the greatest common factor of f and 14.
7
Let d = 97 + -95. Suppose -d*h + 6*h - 84 = -4*b, -4*h + 44 = -4*b. Calculate the greatest common divisor of h and 128.
16
Suppose -y + 4*t = 20, 6*y - 4*y - 15 = -3*t. Suppose y = 6*i - 181 - 359. Let f(n) = -5*n + 6. Let b be f(-6). Calculate the highest common factor of i and b.
18
Suppose -35 + 15 = -10*l. Suppose g = -g + 44. What is the greatest common divisor of l and g?
2
Let g be (-40)/(-16) + 6/4. Suppose g*o - 27 = -5*i + 2, 3*i = 5*o - 27. Calculate the highest common factor of 12 and o.
6
Let a(b) = b**2 + 19*b - 4. Let o be a(-19). Let l be (-22)/o + 19/(-38). What is the greatest common divisor of 35 and l?
5
Let u be (-85)/(-30) + (-6)/(-36). What is the greatest common divisor of u and 147?
3
Suppose -4*l + 1 = -19. Suppose -11 - 259 = -l*v. Let f = v - 33. What is the highest common factor of 14 and f?
7
Suppose 2 - 14 = -4*s. Suppose 0 = -g - r - 54, 0*g - s*g = 2*r + 167. Let b = -26 - g. What is the highest common divisor of b and 22?
11
Let b(w) = -7*w - 1. Let l be b(-8). Calculate the highest common divisor of 66 and l.
11
Let y(w) be the third derivative of -w**6/120 + 3*w**5/20 + w**4/2 - 10*w**3/3 + 13*w**2. Let o be y(9). Calculate the greatest common divisor of o and 11.
11
Suppose -b = -5*u + 37, 4*b + 2*u = -u - 79. Let t = b - -27. What is the highest common factor of t and 35?
5
Let c = 60 + -33. What is the highest common factor of c and 999?
27
Suppose 18*w = 15*w + 180. Calculate the highest common factor of 40 and w.
20
Let z(j) = j**2 - 6*j + 53. Let p be z(0). Let l = p - 35. What is the greatest common factor of 198 and l?
18
Suppose 4*c = -0*m - 4*m + 1040, -c = 4. What is the highest common divisor of m and 66?
66
Suppose 30 = 2*d - 492. Calculate the greatest common divisor of d and 9.
9
Suppose m - 4 = j + 7, 0 = -3*m - 4*j + 5. What is the greatest common factor of m and 224?
7
Let g(y) = 26*y**3 + y**2 + y + 2. Let w be g(2). Suppose -42747*t + 42754*t - 189 = 0. What is the highest common divisor of w and t?
27
Let j be (-6 - -5 - -168) + -2. Calculate the highest common factor of 30 and j.
15
Suppose 20 = 11*k - 2. Let z be -1 - (65/k)/((-3)/6). Calculate the greatest common divisor of 4 and z.
4
Suppose 0 = 3*q - 15, p - 4*q - 269 = -46. Let u be (-1)/((12/p)/(-4)). Suppose u = 4*s - s. Calculate the highest common factor of s and 18.
9
Let o = -230 + 600. Calculate the greatest common divisor of o and 222.
74
Suppose -i - 41 = -2*s - 4*i, -2*s = 4*i - 36. Calculate the highest common divisor of s and 924.
28
Suppose -118 + 14 = -4*z. Suppose -4*d + 5*i = -2*d - 22, 2*d - 3*i = z. Suppose -26 + 458 = 3*s. Calculate the highest common factor of s and d.
16
Let w be (1 - (-2 + 8)) + -2. Let j = w + 14. Suppose 9*d - j*d = 2. Calculate the greatest common divisor of 8 and d.
1
Let u(p) be the third derivative of -7*p**5/60 - p**3/6 - 5*p**2. Let k be u(-1). Let f be -6*(-2 + k*1). Calculate the highest common divisor of f and 24.
12
Let x be ((-8)/4 - 73)/((-12)/(-40)). Let s = -52 - x. Calculate the highest common divisor of s and 18.
18
Let t = 215 - 176. Calculate the highest common factor of 13 and t.
13
Let q be ((-30)/(-21))/((-48)/(-168)). Calculate the highest common factor of q and 40.
5
Suppose 5*c + 4 = -1, -3*o + 46 = -4*c. Let p(w) = -w**3 + 8*w**2 - 6*w + 6. Let y be p(6). What is the highest common factor of y and o?
14
Let l = 7 - 3. Suppose -2*u + 4 = l*n, -5*u = -2*n - 12 + 2. Suppose n = -6*a + 8*a - 88. Calculate the greatest common divisor of a and 4.
4
Let q = 187 + -70. Let l = 81 - 87. Let c be 39/2*(-4)/l. What is the greatest common factor of c and q?
13
Let s = 6 + -2. Let v = -5 + 7. Suppose 3*l - 42 = m + v*m, -4*m = -l + 8. Calculate the highest common divisor of s and l.
4
Let g be -5 + (-540)/(-16) - (-1)/4. Suppose 3*u + 2*u - 435 = 0. What is the highest common factor of u and g?
29
Let f be (18/(-162) + 70/(-18))*8. Let d be ((-56)/f)/(2/(408/3)). What is the highest common factor of 34 and d?
17
Let b be (-38)/133 + 3467/7. Suppose -b = -2*m + h, 4*h = 5*m + 8*h - 1270. Calculate the highest common factor of m and 10.
10
Suppose 5*l - 1372 - 518 = 0. Calculate the highest common divisor of l a